hat is the hundreds digit of b?
1
Let n = -7 - -40. Let x(u) = 21 + 47 - 2*u + u**2 + n - 16. What is the units digit of x(0)?
5
Let d = -7565 + 12261. What is the hundreds digit of d?
6
Let d = 7076 + -3015. What is the units digit of d?
1
Let f be 2 + -3 - (-6640)/2. Suppose f = 22*u - 4447. What is the hundreds digit of u?
3
Suppose 7*j = 3*j - 5*h + 24159, -h = -4*j + 24141. What is the thousands digit of j?
6
Suppose 57*u - 42*u - 23559 = 7476. What is the units digit of u?
9
Let b(x) = 333*x**2 - 492*x + 62. What is the thousands digit of b(10)?
8
Suppose -48210 - 67084 = -34*g. What is the hundreds digit of g?
3
Let q be 4/16*(-1 - -5). What is the tens digit of (-2)/4*q*(-532 - -50)?
4
Let o(y) = -9*y**2 + 13*y - 6. Let n be o(13). Let f = n - -1991. What is the units digit of f?
3
Let h(x) = x**3 - 3*x**2 - 13*x + 11. Let u = -111 - -123. What is the tens digit of h(u)?
5
Let h = 120 - 108. Suppose p - 978 = -4*r, -h = 2*r - 6. What is the units digit of p?
0
Suppose 3*b = -203*b - 487503 + 2746087. What is the tens digit of b?
6
Let p(a) = -2*a**2 - 33*a + 27566. What is the units digit of p(0)?
6
Suppose -2*f + 3*a = -12, -8*a + 7*a - 4 = 0. Suppose f = -5*o + 1192 + 243. What is the units digit of o?
7
Let d(n) = n**2 - 17*n + 22. Let w be d(10). Let m = 101 + w. Suppose -m*o + 49*o + 1072 = 0. What is the hundreds digit of o?
2
Let j = 155 - 157. What is the hundreds digit of 332 - j/(-3)*6?
3
Suppose 14*g - 20 = 9*g. Suppose 5*q = -g*p + 738, -5*q - 5*p - 481 = -1216. What is the hundreds digit of q?
1
Suppose -37*k - 12 = -41*k. Suppose k*p = -3*r + 1668, -4*p + 3835 = 5*r + 1056. What is the tens digit of r?
5
Let r = 5319 - -12587. What is the units digit of r?
6
Suppose -8*f + 2485 = -4315. Let m = f + -421. What is the tens digit of m?
2
Let t(a) = 182*a**2 - 2*a - 9. Let k be (-80)/36 - (-11)/(594/12). What is the hundreds digit of t(k)?
7
Let p = -40 + 40. Suppose p = 5*k - 329 - 331. Suppose -c + 101 + k = -3*r, 3*r = 3*c - 699. What is the tens digit of c?
3
Let m = 51 + -48. Suppose -2*o = m + 5. What is the units digit of (96 + 1)*(o + 5)?
7
Let u(t) = 4*t**3 - 9*t**2 + 32*t - 15. What is the tens digit of u(11)?
7
Let d = -151 - -152. Let u(t) = 20*t - 72. Let c(m) = -2. Let s(o) = d*u(o) - 6*c(o). What is the tens digit of s(9)?
2
Let u(z) = 4*z**2 + 4*z + 10. Let g(r) = 5*r**2 + 3*r + 9. Let v(l) = -5*g(l) + 6*u(l). Let n be v(8). Let q = n - -92. What is the tens digit of q?
1
Let s = -227 - -229. Suppose 4*u - n = 2846, 3*u - s*n - 1181 = 956. What is the hundreds digit of u?
7
Let m(i) = -4491*i + 1086. What is the tens digit of m(-4)?
5
Let g(o) = -23*o - 166. Let y(x) = -159*x - 1161. Let w(t) = 15*g(t) - 2*y(t). What is the tens digit of w(-21)?
9
Suppose f - 7*x = -10*x + 123, 2*f - 2*x - 222 = 0. Let t = f + 389. What is the hundreds digit of t?
5
Let f(v) = 2*v**2 + v + 567. Let x be f(0). Let s = 407 + x. What is the units digit of s?
4
Let s(u) = -3*u**3 + 25*u**2 - 213*u + 80. What is the tens digit of s(-20)?
4
Let d(t) = 72*t**2 - t + 1. Let r be d(1). Suppose 84*z = -1154 - 1618. Let x = z + r. What is the units digit of x?
9
Suppose 4 = t - 0. Suppose t*p = -2*p + 108. What is the units digit of 45/((p/4)/3)?
0
Let h be 4/3*(990/40)/11. Suppose 0 = -3*o + 6, 0 = h*z + 2*o - 4*o - 2042. What is the tens digit of z?
8
Suppose 16 = 4*w, 3*k - 298 = -2*w + w. Let g = k + -88. Suppose 4*z - 2898 = -g*z. What is the hundreds digit of z?
2
Let g(k) = 2 + 513*k**2 - 23*k - 1033*k**2 + 519*k**2. Let u = -21 + 12. What is the units digit of g(u)?
8
Suppose -2*u + 5*v + 42 = -12, -3*u + 74 = -4*v. Let k(q) = 3*q - 30. Let w be k(u). Suppose w*g + 174 = 38*g. What is the units digit of g?
7
What is the thousands digit of 9268/56*(5 - -159)?
7
Suppose 2*g - 5*z = 14414 + 13880, 2*g - 4*z = 28292. What is the ten thousands digit of g?
1
Let h(t) = -6*t - 63 - 25*t + 4*t + 0*t. What is the units digit of h(-11)?
4
Suppose -23*t + 35*t = 0. Suppose 0 = 5*z - 4*l - 966, t*z - z + 206 = -4*l. What is the units digit of z?
0
Let n(u) = 5479*u - 17115. What is the units digit of n(11)?
4
Suppose 22*w + 78928 = 538794. What is the hundreds digit of w?
9
What is the thousands digit of (108/(-15))/18 + (-1061249)/(-35)?
0
What is the tens digit of 140041/58*684/99?
8
Let c(x) = -25*x - 106. Let i be c(0). Suppose 5*h - 1205 = -5*g, 0*g = -4*h + g + 954. Let t = h + i. What is the units digit of t?
3
Let s(i) = -i**3 - 14*i**2 - 3*i + 25. Let b = -44 - -30. Let x be s(b). Suppose -3*j = -4*f - x, j + 2*f + 16 - 55 = 0. What is the units digit of j?
9
Suppose -5*n - 2*c + 772 = -7*n, 0 = -2*n + c - 776. Let j = 888 + n. What is the tens digit of j?
9
What is the tens digit of (1 + -8 + 68/8)*153616/6?
0
Suppose -14716 - 47380 = -0*h - 16*h. What is the tens digit of h?
8
Suppose -47 + 47 = -3*m. Let j(x) = x**3 + x**2 + x + 3. Let s be j(m). Suppose 0 = s*p - y - 661, 11 - 7 = -y. What is the units digit of p?
9
Suppose 3*s + 4*g - 95677 = -23525, 11*g = -s + 24128. What is the thousands digit of s?
4
Suppose 6*j = -7*j - 1209. Let n = 70 + j. Let k = -13 - n. What is the tens digit of k?
1
Let n be 24/6 + 23 + (4 - 7). Let g = 106 - 45. Let r = g - n. What is the units digit of r?
7
Suppose 17*v = 30*v - 28*v + 343125. What is the ten thousands digit of v?
2
Let z = -9039 + 16074. What is the tens digit of z?
3
Let f = -31828 + 54919. What is the thousands digit of f?
3
Let f(z) = 4*z**2 + 20*z + 4. Let g be f(8). Suppose x + l - g = 0, -3*l + 1682 = 4*x + 2*l. What is the tens digit of x?
1
Let k = -209 - -195. What is the hundreds digit of (2/1 + -34)*(-27 - k)?
4
Let z(b) = -66*b + 4. Let r be z(3). Let x = r - -311. Suppose -d + x = -2*l, 2*d + 4*l = -3*d + 613. What is the hundreds digit of d?
1
Suppose -i + 3*w - 15 = 0, 4*w - 84 = -88. Let n be ((-32)/5)/(2/(-10)). Let h = i + n. What is the tens digit of h?
1
Let i be (350*1)/((-8)/12). Let v(g) = -2*g**3 - 16*g**2 - 10*g - 26. Let z be v(-11). Let d = z + i. What is the hundreds digit of d?
2
Let g = -93 - -100. Suppose -13*u + 846 = -g*u. What is the units digit of u?
1
Suppose o + z - 11398 = 0, -2*z + 11399 = 4*o - 3*o. What is the ten thousands digit of o?
1
What is the hundreds digit of 15/(-2)*398952/(-270)?
0
Suppose 4*r - 49 = 99. Suppose -2*n - 4*s = -277 - r, -n + 167 = 4*s. What is the hundreds digit of 7/n*-6 - (-996)/7?
1
Let a(h) = 31*h**2 + 23*h - 417. What is the thousands digit of a(18)?
0
Let p be 1946 - (-3 + 6 + 2). Suppose -61*w + p = -58*w. What is the tens digit of w?
4
Suppose 0 = -181*r + 1058726 + 65465. What is the thousands digit of r?
6
Suppose 786 = 4*h + 5*j, 6*h - 2*j = 2*h + 772. Let f(r) = -32*r + 111. Let t be f(6). Let b = t + h. What is the hundreds digit of b?
1
What is the thousands digit of 191514/15 + 3 + (-299)/115?
2
Suppose 0*b - 6*b = 4326. Let v = 277 + b. Let o = -282 - v. What is the units digit of o?
2
Let k = 3 - 5. Let j be (((-8)/7)/(-2))/(k/7). What is the tens digit of (-6915)/(-30) - j/(-4)?
3
Suppose -3*r - 9 = 0, 3*m + 0*r - 3 = -3*r. Suppose -x - 4*s = 20, 0 = -2*x + m*s + 19 + 1. Suppose 0*z - 6*z + 462 = x. What is the tens digit of z?
7
Suppose -3*d + 11 = 5. Suppose 2*t - t - 3*o = 13, 5*t - d*o = 13. Let k(j) = 20*j + 1. What is the tens digit of k(t)?
2
Let g = -118 - -130. Suppose -16*y + 12*y = g. Let l(r) = -11*r**3 - r**2 + 6*r + 9. What is the units digit of l(y)?
9
What is the tens digit of ((-8075)/10*(-3)/(-15))/((-9)/126)?
6
What is the units digit of ((-4232704)/(-12))/7 + (-297)/(-81)?
3
Let t(q) = -8 + 8*q - 32 - 7. What is the units digit of t(15)?
3
Suppose -7350 - 1500 = 30*f. Let x be -76*(13/4 - 1). Let s = x - f. What is the tens digit of s?
2
Let t be ((-102)/85 - -1) + (-537)/15. Suppose -5*r + 3*k - 8*k - 440 = 0, 3*r + 272 = -5*k. Let p = t - r. What is the tens digit of p?
4
Let h be (-6 + (-52)/(-8))*-12. Let a(r) = -66*r + 30. What is the units digit of a(h)?
6
Suppose 2*z + 2*g - 5 = 7, -2*g = z - 8. What is the units digit of (-7)/(126/(-48))*426/z?
4
Suppose -124753 = -23*x + 58549 - 34561. What is the hundreds digit of x?
4
Suppose -3*c + p - 12 = c, 3*p = c + 14. Let j be 0/c + -16 + 13. What is the hundreds digit of 6391/28 + j/12?
2
Let n(q) be the second derivative